actor of 855000 and 12.
12
Calculate the greatest common divisor of 1120 and 1113560.
280
Calculate the greatest common factor of 101 and 68.
1
What is the highest common divisor of 106535 and 39?
13
What is the highest common factor of 153 and 542691?
153
Calculate the highest common divisor of 392 and 14854.
14
Calculate the highest common factor of 1355562 and 156.
78
Calculate the highest common factor of 350483 and 21.
7
Calculate the highest common factor of 3610 and 4146085.
1805
What is the highest common factor of 76602 and 3774?
102
What is the highest common factor of 94796 and 20?
4
What is the highest common divisor of 171 and 7391?
19
Calculate the highest common divisor of 582 and 3298.
194
Calculate the greatest common factor of 10 and 416110.
10
Calculate the greatest common factor of 12834 and 26496.
414
What is the greatest common factor of 71 and 51688?
71
Calculate the greatest common factor of 52 and 1286402.
26
What is the highest common divisor of 658608 and 96?
48
Calculate the highest common divisor of 13376 and 20026.
38
Calculate the greatest common divisor of 31584 and 3196.
188
What is the greatest common factor of 1010 and 226880?
10
What is the highest common factor of 3925 and 4867?
157
What is the greatest common factor of 2431 and 136565?
143
What is the greatest common factor of 19322 and 72?
2
Calculate the greatest common factor of 3176 and 16.
8
Calculate the highest common factor of 224 and 74158.
14
Calculate the greatest common factor of 3857 and 51794.
551
Calculate the greatest common divisor of 259 and 7.
7
Calculate the highest common factor of 4368 and 16464.
336
What is the greatest common divisor of 47318 and 9794?
118
Calculate the greatest common divisor of 36 and 4196574.
18
Calculate the greatest common factor of 96 and 1534416.
48
Calculate the highest common factor of 9 and 755019.
9
Calculate the highest common factor of 792576 and 1548.
1548
What is the greatest common divisor of 49639 and 1?
1
Calculate the highest common factor of 392273 and 7.
7
Calculate the highest common divisor of 4454 and 34.
34
Calculate the highest common factor of 8870 and 1940.
10
What is the greatest common factor of 68476 and 212?
212
What is the highest common factor of 112 and 5836?
4
Calculate the highest common divisor of 303446 and 130.
26
Calculate the greatest common factor of 1996 and 4800879.
499
What is the greatest common divisor of 132539 and 1276?
11
What is the highest common factor of 121973 and 862?
431
Calculate the greatest common factor of 50 and 89150.
50
Calculate the highest common divisor of 2298012 and 228.
228
Calculate the greatest common factor of 366642 and 18.
18
Calculate the highest common factor of 4 and 3046.
2
What is the greatest common divisor of 9207 and 74493?
837
Calculate the greatest common factor of 5670 and 1953.
63
What is the greatest common factor of 109340 and 484?
44
Calculate the highest common factor of 20992 and 3280.
656
Calculate the highest common divisor of 5 and 18215.
5
What is the greatest common divisor of 4428 and 17343?
369
What is the greatest common divisor of 5380 and 740?
20
What is the greatest common divisor of 2 and 74121?
1
Calculate the highest common divisor of 3451 and 7308.
203
What is the greatest common factor of 1150 and 74?
2
Calculate the highest common divisor of 31186 and 86516.
1006
What is the highest common divisor of 1576440 and 5?
5
What is the highest common divisor of 1694 and 4?
2
What is the greatest common factor of 589 and 817?
19
What is the greatest common divisor of 42 and 885633?
21
Calculate the greatest common divisor of 2336966 and 124.
62
Calculate the greatest common factor of 63094 and 4.
2
What is the greatest common factor of 42436 and 40376?
412
What is the greatest common factor of 132 and 2314455?
33
Calculate the greatest common factor of 54188 and 5890.
1178
What is the highest common factor of 14442648 and 12?
12
Calculate the highest common factor of 170724 and 492.
492
Calculate the greatest common factor of 599 and 103.
1
Calculate the greatest common factor of 243001 and 33.
11
What is the highest common divisor of 100 and 4925?
25
Calculate the greatest common divisor of 23674 and 1424.
178
What is the highest common factor of 14091 and 56913?
183
Calculate the greatest common divisor of 1 and 3089.
1
What is the highest common factor of 120 and 28510?
10
Calculate the highest common divisor of 3652 and 9944.
44
What is the highest common factor of 9162 and 45?
9
Calculate the greatest common divisor of 69 and 21643.
23
Calculate the highest common factor of 357892 and 7336.
524
What is the highest common divisor of 8679 and 23859?
33
Calculate the highest common factor of 35586 and 135754.
1318
Calculate the greatest common factor of 752 and 2536.
8
What is the highest common factor of 489348 and 324?
108
Calculate the highest common divisor of 30 and 30918.
6
Calculate the highest common divisor of 426904 and 17.
17
What is the highest common factor of 428580 and 120?
60
What is the highest common divisor of 9728 and 1558?
38
What is the highest common factor of 531383 and 1?
1
Calculate the highest common divisor of 2840578 and 234.
26
What is the greatest common factor of 2424 and 9393?
303
Calculate the highest common factor of 47310 and 11190.
30
What is the highest common divisor of 1775490 and 30?
30
Calculate the highest common divisor of 294736 and 45292.
676
Calculate the highest common divisor of 8896 and 256.
64
What is the highest common divisor of 24 and 402?
6
What is the highest common factor of 1755 and 18765?
135
Calculate the highest common divisor of 44416 and 6593.
347
Calculate the greatest common divisor of 2714 and 3422.
118
What is the highest common divisor of 4040 and 46359?
101
What is the greatest common divisor of 1 and 10243?
1
What is the highest common divisor of 28256 and 32?
32
What is the greatest common factor of 189 and 623592?
27
Calculate the greatest common factor of 423 and 86856.
141
What is the greatest common factor of 7312 and 32?
16
What is the greatest common divisor of 3312 and 13041?
207
Calculate the highest common divisor of 10692 and 306.
18
Calculate the greatest common divisor of 4278 and 20102.
46
Calculate the highest common divisor of 21177 and 468.
117
Calculate the highest common factor of 225218 and 308.
14
What is the highest common factor of 135800 and 9215?
485
Calculate the greatest common factor of 393 and 19388.
131
What is the highest common divisor of 6412 and 1288?
28
What is the greatest common factor of 40190 and 10?
10
What is the greatest common divisor of 5544 and 4312?
616
Calculate the highest common divisor of 1657 and 12.
1
Calculate the highest common factor of 236 and 2689574.
118
What is the greatest common factor of 4252905 and 5?
5
What is the highest common divisor of 30 and 6681870?
30
What is the greatest common factor of 56913 and 1037?
61
Calculate the greatest common factor of 28994 and 28.
14
What is the highest common divisor of 191 and 3065550?
191
What is the highest common divisor of 348188 and 732?
244
Calculate the highest common divisor of 334218 and 318.
318
What is the highest common divisor of 50898 and 102?
102
Calculate the greatest common factor of 133725 and 100.
25
What is the highest common divisor of 6509 and 250738?
283
Calculate the greatest common divisor of 578 and 170.
34
What is the highest common divisor of 11772 and 1872?
36
Calculate the greatest common divisor of 107 and 3563849.
107
Calculate the greatest common divisor of 3081274 and 14.
14
Calculate the greatest common divisor of 28 and 68404.
28
Calculate the highest common factor of 2358 and 648.
18
Calculate the highest common factor of 100 and 6566050.
50
What is the greatest common divisor of 347355 and 1494?
747
Calculate the greatest common factor of 322 and 4802.
14
What is the highest common divisor of 3185 and 98?
49
Calculate the greatest common factor of 1035 and 345.
345
Calculate the greatest common divisor of 2963493 and 234.
117
Calculate the highest common factor of 1075 and 53965.
215
Calculate the greatest common divisor of 150 and 568500.
150
What is the greatest common divisor of 5564 and 193456?
428